u + 15, -j + 4*u = 17. Let z be ((-2)/j)/(-3 - (-48)/15). Suppose -9 + 65 = 5*y + 3*q, 33 = 3*y + z*q. What are the prime factors of y?
13
Suppose 112*w = 113*w + 2*i - 5096, 8*w - i - 40768 = 0. What are the prime factors of w?
2, 7, 13
Let n be (2 - 15/6)*-10. What are the prime factors of 3327/18 - n/(-90)*3?
5, 37
Suppose 5*f - 1 = 2*w + 4, -3*w + 5*f = 5. List the prime factors of (4450/(-30))/(1/(-3 + w)).
5, 89
Let o = 75816 - 20751. What are the prime factors of o?
3, 5, 3671
Let r(k) = -k**3 - 25*k**2 + 25*k - 5. Let c be r(-26). What are the prime factors of (c*3/9)/(1/42)?
2, 3, 7
Let y(f) = 5*f**2 + 25*f + 2. Let l be 3/2 + 330/(-44). Let z be y(l). Suppose 2*h + 728 = 4*c, 5*c - 875 = 4*h + z. List the prime factors of c.
3, 61
Let m(c) = 2*c**3 - 88*c**2 - 73*c + 51. List the prime factors of m(48).
3, 4993
Let n(a) = a**3 + 14*a**2 + 2*a - 4. Let y be n(-13). Suppose 0 = 146*p - y*p - 4480. List the prime factors of p.
2, 5
Let x(g) = -g**2 - 20*g - 31. Let s be x(-18). Suppose -5*c + 1004 = 3*q, 0 = -s*c - 2*q + 5*q + 1016. Let w = c - 112. List the prime factors of w.
2, 3, 5
List the prime factors of -4*3/(36/(-1122)).
2, 11, 17
Let m = -30053 - -42499. What are the prime factors of m?
2, 7, 127
Suppose -9 - 309 = -6*f. Suppose 673 = 5*n + f. Suppose -3*v + 207 = 4*t - 0*t, -2*v + n = -2*t. List the prime factors of v.
5, 13
Suppose -3*f + 7*f + 2*u = -1602, 5*u - 417 = f. Let j = 40511 + -41096. Let b = f - j. What are the prime factors of b?
3, 61
Suppose 2777 = i + 2*g + 829, 4*g = -i + 1956. Suppose 8*o - 3*o = -3*y + i, 0 = 5*o + y - 1930. What are the prime factors of o?
5, 7, 11
Suppose -227 = -k + 2*h, -899 = -9*k + 5*k - h. Let j = 458 + k. What are the prime factors of j?
683
Suppose 2*h + 0*h - c - 23827 = 0, -5*c - 5 = 0. List the prime factors of h.
3, 11, 19
List the prime factors of 4/(-3)*(260074/(-4) + -62 + 66).
2, 89, 487
Suppose -306*u + 319*u = 2080. Let d be 4/2 - (95 + -2). Let f = u + d. List the prime factors of f.
3, 23
Let i = -22374 - -40194. What are the prime factors of i?
2, 3, 5, 11
Suppose -13*k - 10 = -16*k + 5*s, 5*s - 30 = -5*k. What are the prime factors of (4 - k) + -1 + 3228/4?
5, 7, 23
Let q be 3*4/(-8)*(-2 + 24). Let r = 229 + q. Let j = -88 + r. What are the prime factors of j?
2, 3
Let l(s) = 290*s**2 - 3*s - 14. Let h be l(-2). Let u = -449 + h. What are the prime factors of u?
19, 37
Let s(p) = -3*p + 21. Let n be s(7). Suppose 4*y + 0*j - j - 117 = n, -2*j + 130 = 5*y. Let h = 55 - y. What are the prime factors of h?
3
Let f(q) = -q**3 - 20*q**2 - 10*q + 130. List the prime factors of f(-32).
2, 3, 11, 193
Let f(g) = g - 17. Suppose -2*w - 4*w = -66. Let n be f(w). List the prime factors of (n + 15)/((-3)/(-12)).
2, 3
Suppose 315 = 5*v - 5*f, -f + 4 = -2*f. Let m be (-303)/(-12) + (-1)/4. Suppose -j + v = -m. List the prime factors of j.
2, 3, 7
Let j be -12*(2 - 243/6). Suppose 10*d = 7*d + j. Suppose -4*v + 161 + 269 = 5*y, -2*v - d = -2*y. List the prime factors of y.
2, 41
Let m(s) = s**2 + s - 1. Let i(r) = -4*r**2 - 10*r + 5. Let w = -30 + 31. Let d(q) = w*i(q) + 5*m(q). List the prime factors of d(10).
2, 5
Suppose -14*k = -22*k + 5*z + 145954, 5*k - 91228 = 2*z. What are the prime factors of k?
2, 2281
Suppose -10*g + 45 = -5*g. Suppose -12 = -w - g. Suppose -5*u + 2*t = -452, -w*u - u + 5*t + 348 = 0. What are the prime factors of u?
2, 23
List the prime factors of (-5912)/(-10) + 5 - 4/20.
2, 149
Let w be 12 - (-2 + 49/7). Let p(q) = 16*q**2 - 18*q - 8. List the prime factors of p(w).
2, 5, 13
Let w be 31330/45 + -1 + 14/18. What are the prime factors of 11 + -8 + w/2?
3, 13
Let v(i) = 9*i - 1. Let n be v(2). Let q be (108/(-21))/((-6)/735). Suppose -n*s - q = -24*s. What are the prime factors of s?
2, 3, 5
Suppose -66*f - 65 = -71*f. Suppose -f*y = 7*y - 7300. List the prime factors of y.
5, 73
What are the prime factors of (10836 + 3)/((-120)/14 - (37 + -46))?
7, 3613
Let y = 1717 - 23. Suppose 4*t + 2*s + y = 0, -4*s = t + 636 - 209. List the prime factors of t/(-6) + (-9)/6.
3, 23
Suppose -9 + 72 = 21*i. Suppose 2*z - 2*c = 1512, -7*z + i*z + c + 3012 = 0. What are the prime factors of z?
2, 47
Suppose -384 = -22*g + 14*g. What are the prime factors of 4180/g*3 - 2/8?
3, 29
Suppose 9*w + 2 = 38. Suppose w*z - 5*z = 5*t - 831, 0 = -5*z + 3*t + 4099. What are the prime factors of z?
821
Let j(p) = p**3 - 3*p**2 - 11*p - 14. Let o be j(6). Let f be (6/3)/((o/(-150))/(-7)). Suppose -k + 4*k = f. What are the prime factors of k?
5
Let t be (-12)/(-6) - (-1 + -483). Let j = 822 - t. List the prime factors of j.
2, 3, 7
Suppose -2*o + 12 = -4*u, 4*o + u - 18 = o. Let f(g) = 15*g - 34. Let v(s) = -61*s + 137. Let a(i) = 9*f(i) + 2*v(i). List the prime factors of a(o).
2, 23
Let j = -19 - -26. Suppose 0 = 5*c - j*c + 750. Let p = 537 - c. What are the prime factors of p?
2, 3
What are the prime factors of 1 + -3*((-658620)/27 - 7)?
2, 17, 2153
Let r(x) = x**3 + 9*x**2 + 37*x - 1. Let p be r(-4). Let k = 198 + p. List the prime factors of k.
3, 43
Let y(r) = 3 - r**3 + 5 - 7*r**2 - 1 + 22*r**2 - 8*r - 1. What are the prime factors of y(8)?
2, 3, 5, 13
Let g(n) be the third derivative of -n**6/120 + n**5/6 + n**4/2 - 7*n**3/3 - 10*n**2. Let o be g(11). List the prime factors of o*((-444)/9 - -5).
7, 19
Let l = 12056 - 6116. What are the prime factors of l?
2, 3, 5, 11
Suppose 0 = -w + 2*r - 2, -2*w + 14 = -3*w + 5*r. Let a(g) = -g**3 - 3*g**2 + 12*g - 19. Let s be a(w). Let o = 555 + s. List the prime factors of o.
2, 71
Let x(q) = 2*q**2 - 4*q - 7. Let a be x(-2). Suppose -4*m = -i - a, -3*i = -5*m - 5*i + 21. Suppose -7*d + 248 = -m*d. What are the prime factors of d?
2, 31
Suppose -70 = 3*l + f + 9, -5*l - 3*f = 125. Let d be (105 + 3)*l/(-8)*1. Suppose 0 = 6*t - 9*t + d. What are the prime factors of t?
2, 3, 7
Let d = 74 + -68. Suppose 3*w + d = 18. What are the prime factors of 3316/28 - w/(-7)?
7, 17
Let l = 12449 + -5733. List the prime factors of l.
2, 23, 73
Let n(s) = 5*s**2 + 9*s + 55. Suppose 3*i - 67 = -5*o, 0 = -4*o - 3*i - 4 + 60. What are the prime factors of n(o)?
3, 11, 23
Let w = -70618 - -113590. List the prime factors of w.
2, 3, 3581
Let h = 68 - 132. Let x = 89 + h. Suppose 23*i + 14 = x*i. List the prime factors of i.
7
What are the prime factors of 471449/27 + (-1200)/16200?
19, 919
Let r be 3/39*106 + 2/(-13). Let g be (-2)/(1*r/4) - -9. List the prime factors of g*((-20)/5)/(-2).
2
Suppose 2*w + w = -3, 0 = -2*q + 3*w + 5. What are the prime factors of 5/q + 3/(-3)*-883?
2, 3, 37
Suppose 1 = -z - 1. List the prime factors of (z/4)/((-15)/7170).
239
Suppose -2 = -s + g, 5*g = g. Suppose 5*l = -3*t + 99, -3*l + s*t = -5*l + 38. Suppose 3*p = 2*p + l. List the prime factors of p.
3, 7
Let m(s) = -s - 10. Let q be m(-12). Let n be (2 + (-2)/q)*(-3 + 8). Suppose 5*f - g - 3*g = 296, 5 = n*g. List the prime factors of f.
2, 3, 5
Let r(x) = 34*x - 62. Let f be r(6). Suppose -6*n = f - 736. What are the prime factors of n?
3, 11
Let n(p) = -7*p**2 + 25*p + 3. Let w(g) = 16*g**2 - 51*g - 6. Let a(m) = -9*n(m) - 4*w(m). List the prime factors of a(-10).
107
Let a(t) = 8*t**3 - 6*t**2 + 15*t - 177. List the prime factors of a(7).
2, 29, 41
Let q(i) = 652*i + 438. What are the prime factors of q(2)?
2, 13, 67
Let g be 5545/15 - (1/(-3))/1. Suppose y = 4*f - y - g, 5*f + 2*y = 467. Suppose -7*j = -f - 103. What are the prime factors of j?
2, 7
Let s(c) = 89*c + 50. Let b be s(8). Suppose 0 = -f - f - 4*i + b, 4*f = 4*i + 1572. What are the prime factors of f?
389
Suppose 3*f = -5 + 35. Suppose 0 = 5*m - 7*m + f. Suppose 437 = m*t - 3*j, -141 = -3*t - 5*j + 128. List the prime factors of t.
2, 11
Let u(b) be the third derivative of 13*b**4/8 - 53*b**3/6 - 43*b**2. Let h be u(5). List the prime factors of h + (-1)/(4 - 5).
11, 13
Let n(v) = 36*v - 3*v**3 - 18*v**2 - 55 + 4*v**3 + 16 - 4*v**2 + 5*v**2. List the prime factors of n(16).
281
Let w(h) = 2*h**3 + 74*h**2 + 17*h - 36. What are the prime factors of w(-22)?
2, 5, 17, 83
Let z(x) = 6*x**2 - 311*x + 6982. What are the prime factors of z(29)?
3, 17, 59
Suppose 156*q = -2*f + 153*q + 6375, 0 = -f + 4*q + 3160. What are the prime factors of f?
2, 3, 5, 53
Let h = -3264 - -7015. List the prime factors of h.
